n(c) = -c**2 - 4*c + 19*c - 3*c - 14*c - 1. Determine n(-3).
-4
Let c(l) = -l**2 - 5*l - 1. Let v = -50 + 52. Suppose -2 = -v*f - 5*z, -5*f + z - 22 = -0*f. Give c(f).
3
Let m = 97 + -103. Let c(b) = b**3 + 6*b**2 - 2*b - 5. Calculate c(m).
7
Let o(v) be the third derivative of -v**3 - 1/60*v**5 - 45*v**2 + 0 + 0*v + 1/3*v**4. Determine o(5).
9
Let z(q) = 6 - 16*q + 1 - 4 - 1. What is z(2)?
-30
Let b(z) = 5*z - 9. Let j(y) = 4*y - 7. Let k(r) = 3*b(r) - 4*j(r). Determine k(4).
-3
Suppose -2*s + 14 = -0*s. Let r(z) be the first derivative of -8 + 1/3*z**3 + 0*z - 3*z**2. Calculate r(s).
7
Let y(l) = -l**2 + 10*l - 12. Let n be y(5). Suppose 7*d = n + 8. Let f(g) = -g**2 + 3*g - 1. What is f(d)?
-1
Let q(a) = 11*a**3 + 18*a**2 + a + 29. Let j = 10 - 18. Let m(o) = 4*o**3 + 6*o**2 + 10. Let y(i) = j*m(i) + 3*q(i). Let n be ((-6)/(-4))/(5/(-20)). Give y(n).
-11
Suppose -5*c - v - 2 = 0, 4*v + 14 = -3*c + 6. Suppose 0*s + 3*s - 2*x - 16 = c, s + 3*x + 13 = 0. Let y(o) = 3*o**2 - 3*o + 2. Determine y(s).
8
Suppose -19 + 3 = -2*r - 2*n, 2*r = -4*n + 22. Suppose x - 9 = -x + r*u, 5*x = 5*u + 30. Let t(g) = 4*g - 8. Determine t(x).
20
Let f(k) be the first derivative of 4*k**3/3 + 3*k**2/2 + 2*k - 46. Let s(b) = -9*b. Let m be s(2). Let v = 16 + m. What is f(v)?
12
Let v be ((-12)/15)/((-5)/(-25)). Let h(d) = 2*d + 1. Let q = -7 - -9. Let x(c) = c + 1. Let g(t) = q*x(t) - 2*h(t). Give g(v).
8
Let o = 7 + -3. Suppose -o*w = -3*w + 1. Let s(t) = 1 + 37*t - 45*t - 1. Determine s(w).
8
Let p(t) = 5*t**2 + 11*t + 23. Let m(b) = -4*b**2 - 9*b - 22. Let k(j) = -6*m(j) - 5*p(j). Determine k(0).
17
Let y(f) = -f**3 - 4*f**2 + 8*f + 7. Suppose -3*z = 2*q + 15, 5*z + 91 - 86 = 0. Give y(q).
31
Let b be 3/(-1) - -27 - 2. Suppose 21*r = 19*r + b. Let y(v) = -2*v + 12. Calculate y(r).
-10
Let h be (-58)/14 + 12/84. Let c(x) = x**2. Let l be c(h). Let q = l - 12. Let o(d) = d**2 - 5*d + 2. What is o(q)?
-2
Let s = 725 - 731. Let g(a) = -2*a - 6 - a + a. Calculate g(s).
6
Let n(b) = -2*b**2 - 22 - 3*b + 7 - b**2 + 12 + b. Calculate n(-3).
-24
Let q(d) = -d**3 - 7 + 10*d + 72*d**2 - 63*d**2 + 13. Calculate q(10).
6
Suppose 0 = -2*z - d - 11, -13 = 2*z + 6*d - 3*d. Let n(s) = -s + 5 + 0*s + 3*s. What is n(z)?
-5
Let b(j) = j**3 + 10*j**2 + 8*j - 5. Let z be (-12)/(-30) + (376/10)/(-4). Let i be b(z). Let k(c) = -4 + c + 3*c + 0*c. Calculate k(i).
12
Let r(v) = 61 - 60 + 47*v - 18*v - 28*v. Suppose -3*u + 28 = 2*y, 4*y - 5*u = -y + 45. Give r(y).
12
Let o(a) = a**2 + 4*a + 1. Let f(j) be the first derivative of -j**4/4 - 10*j**3/3 - j**2/2 - 13*j - 3. Let c = 15 - 25. Let v be f(c). Calculate o(v).
-2
Suppose 5*l = 23 - 3. Let w(u) = 1 + 2 + 3 - 5*u - l. Let c(v) = 6*v - 2. Let g(j) = -6*c(j) - 7*w(j). Determine g(-3).
1
Let a(y) be the second derivative of -y**3/6 + y**2 - 119*y. What is a(2)?
0
Let r(i) be the third derivative of i**6/360 - i**5/40 + i**4/6 + 2*i**3/3 - 12*i**2. Let m(u) be the first derivative of r(u). Give m(3).
4
Let c = 7 + 0. Suppose -4*p - 5*w - 27 = -c*p, 11 = 2*p - w. Suppose p*q = -16 - 8. Let y(n) = -n**2 - 6*n - 5. Determine y(q).
-5
Let v(g) be the third derivative of g**4/24 - 7*g**3/2 - 250*g**2 + 2. Calculate v(5).
-16
Let a be ((-90)/4)/3*32/40. Let l(p) = p**3 + 7*p**2 + 9*p + 2. Calculate l(a).
-16
Let m(o) be the first derivative of -o**3/3 + 3*o**2/2 - o + 1. Let r(u) = 2*u**2 - 17*u. Let t be r(7). Let d = 26 + t. Calculate m(d).
-11
Let w(u) = u**3 - 14*u**2 - 16*u + 12. Let f be w(15). Let k(a) be the first derivative of 2*a**2 + 37. Give k(f).
-12
Let d(k) = 3 + k**3 - 12*k**2 - 5*k**2 + 9*k**2 - 5 + k. Determine d(8).
6
Let a(s) = 2*s + 20. Let d be ((-18)/6 - -6)*28/(-6). Determine a(d).
-8
Let h = -1924 + 1928. Let z(a) = a**3 - 5*a**2 + 2*a + 4. Determine z(h).
-4
Let m be -14*4/(-8) + 1. Let n(h) = -2 + 5*h + 3*h - m*h + 3*h**2. Give n(2).
10
Let t(g) be the first derivative of -15 + 2*g - 1/4*g**4 - 8/3*g**3 + g**2. What is t(-8)?
-14
Let z(s) = -s**3 + s**2 + s - 2. Let v(c) = -c**3 - 6*c**2 - 4*c - 5. Let f be v(-6). Suppose -2*l = -0*l + 2*w - 2, 0 = l + 5*w + f. Let r = -4 + l. Give z(r).
-4
Let x(l) = -l**3 - 11*l**2 - l - 14. Let v(b) be the third derivative of -b**6/120 + 7*b**5/30 - b**4/24 + b**3/2 + 23*b**2. Let j be v(14). Give x(j).
-3
Let z(j) = -2*j + 6. Let y be (-5 - -8)/((-3)/18). Let k = y + 23. Give z(k).
-4
Let d(n) = 43 - 3*n + 41 + 43 - 152 + 40. What is d(5)?
0
Let l(n) = -n**3 - 3*n**2 + 2*n + 2. Suppose 19*d - 28 = 15*d. Suppose 2*b + d = 1. Calculate l(b).
-4
Let f(s) = -s + 4. Let p(z) = z - 134 + 2*z + 57. Let y be p(29). Determine f(y).
-6
Let l(k) = -378 - 2*k + 374 + k. Calculate l(-2).
-2
Let d be 28/20 - 1 - 52/(-20). Let v(u) = 12 - 2*u - 5 + d*u. Determine v(-9).
-2
Let j(f) be the first derivative of -f**4/4 - 10*f**3/3 - 11*f**2/2 - 7*f - 98. Suppose 39 = -5*q - 6. Give j(q).
11
Let c be 5 - 1 - 2 - 6. Let a(t) = -1 - 8*t + 6*t + 0*t - 3*t**2 - t**3 - 2. Give a(c).
21
Suppose -46 = 3*q + 4*x - 16, 36 = -5*q - 2*x. Let b be (2/(-6))/(1/(-9)). Let j(w) = 1 + 2*w + b + 5. Give j(q).
-3
Let a(q) be the first derivative of q**5/30 - q**4/8 - q**3/6 + 4*q**2 + 10. Let p(u) be the second derivative of a(u). Let g be 1 - -1*(2 - 0). Calculate p(g).
8
Suppose b + 6*l - 1 = 2*l, 4*b - 5*l - 25 = 0. Suppose -4*j + 3*n + 9 = 0, 0 - 9 = -3*j + 3*n. Let m(h) = 6*h - 2 - h**2 + j - 1. Determine m(b).
2
Let s(b) = -b - 5. Let z(c) = 3*c + 24. Let l be z(-7). Suppose -l*p = 14*p. Give s(p).
-5
Let v(t) = t. Let k = 49 - 50. Let i(f) = 5*f - 7. Let x(g) = k*i(g) + 4*v(g). Suppose 2*z - 18 = -z. What is x(z)?
1
Suppose 7 = -8*u + 9*u - 4*m, 3*m = -6. Let b(o) = -37*o**2 - 3*o - 7. Let p(n) = -12*n**2 - n - 2. Let k(v) = 2*b(v) - 7*p(v). Give k(u).
9
Let u = -107 - -105. Let d(v) = -4*v**3 + 2*v**2 + 2*v - 1. Calculate d(u).
35
Let q(b) = -5*b - 7. Suppose 2*z - 12 = 8*z. Let g(d) = -3*d - 3. Let u(x) = z*q(x) + 5*g(x). Give u(2).
-11
Let o(g) be the third derivative of -g**6/360 + g**5/40 + g**4/8 + 31*g**3/6 - 6*g**2. Let l(q) be the first derivative of o(q). What is l(-2)?
-7
Let a(q) = -3 - 2 + 2*q + 3. Let m(h) be the second derivative of -h**3/3 + h**2/2 + 10*h. Let w be m(-1). What is a(w)?
4
Let m(x) = -x**3 - 9*x**2 - x - 8. Suppose 11*l - 8*l + 27 = 0. Let d be m(l). Let w(a) = -a + 3. Let b(o) = 1. Let i(u) = d*w(u) - b(u). Give i(6).
-4
Let u(d) = 4*d - 1. Suppose -5*x - 4 - 1 = -o, -3*o - 4*x - 23 = 0. Let i = o + 10. Let f(j) = j - 4. Let q be f(i). What is u(q)?
3
Let q(y) = y**2 + 4*y + 2. Let u(w) = -2*w**2 - 7*w - 2. Let b(x) = -7*q(x) - 3*u(x). What is b(-8)?
-16
Let q(j) be the first derivative of 0 + 10*j**2 - 7*j - 6 - 11*j**2. Calculate q(-5).
3
Let h(u) = 36*u - 7*u**2 + 6*u**2 + 2*u**2 - 33*u. Give h(-4).
4
Let l(r) be the third derivative of 0 + 11*r**2 - 1/4*r**4 - 1/2*r**3 + 0*r. Give l(-3).
15
Let t(u) = 2*u + 31. Let g(c) = c + 11. Let f(p) = -17*g(p) + 6*t(p). Determine f(-2).
9
Let q(o) = 2*o**2. Suppose -90*v = -81*v. Let m be 1/(6/5 + -1). Suppose -5*k = m*d + 10, v = 3*d - 4*k - 9 - 13. Calculate q(d).
8
Let o(n) = -n + 25. Let u(f) = f - 24. Let i(c) = -6*o(c) - 7*u(c). Let y be i(9). Let q(v) = v**2 - 8*v - 7. Determine q(y).
2
Let n(k) = k**3 - 6*k**2 + 3*k + 5. Let a = -22 + 44. Suppose -7*w + a + 13 = 0. Determine n(w).
-5
Let o(b) = -4*b**2 - b + 5. Let m(n) = -1 + 15*n + 1 - 18*n + 11 - 9*n**2. Let j = 7 + -4. Let s(g) = j*m(g) - 7*o(g). Calculate s(3).
1
Suppose g = 6 + 14. Suppose g = 9*y - 4*y. Let h(l) = -2*l - 2 - y + 5. Calculate h(-1).
1
Let n(h) = -2*h**2 + 64*h + 129. Let x be n(-2). Let p(b) be the third derivative of b**5/60 + 7*b**4/24 + b**3/3 - 2*b**2. Determine p(x).
2
Let f(s) be the third derivative of 1/15*s**5 + 24*s**2 + 0*s - 1/12*s**4 + 2/3*s**3 + 0 - 1/120*s**6. What is f(4)?
-4
Let u(z) = -11*z**2 + 5*z + 6. Let j(r) = 9*r**2 - 4*r - 4. Let c(g) = 6*j(g) + 5*u(g). Calculate c(0).
6
Let m(g) = g - 6. Let p be 3/9 + 40/24. Let w be (36/(-12))/(p/(-4)). Give m(w).
0
Suppose 0 = -72*r - 208 - 80. Let k(n) = -n**3 - 6*n**2 - 5*n + 4. Give k(r).
-8
Let g(x) = 468 - 937 - x + 467. What is g(-8)?
6
Let d be (0 + 0)/4 - -2. Let n(q) = q**d - 2*q**2 - 4 - q + 5 + 2*q. Calculate n(3).
-5
Let v(w) = w + 11. Let s be v(-13). Let z be s/((-12)/(-10))